{"id":406,"date":"2017-04-25T21:45:46","date_gmt":"2017-04-26T00:45:46","guid":{"rendered":"http:\/\/www.thiagodealmeida.com.br\/site\/?page_id=406"},"modified":"2018-01-31T01:50:13","modified_gmt":"2018-01-31T03:50:13","slug":"arquivo-testes","status":"publish","type":"page","link":"https:\/\/www.thiagodealmeida.com.br\/site\/arquivo-testes\/","title":{"rendered":"Testes"},"content":{"rendered":"<div class=\"chamada\">\n<div class=\"image\"><img loading=\"lazy\" decoding=\"async\" class=\"alignnone size-full wp-image-518\" src=\"http:\/\/www.thiagodealmeida.com.br\/site\/wp-content\/uploads\/testes.jpg\" alt=\"\" width=\"252\" height=\"169\" \/><\/div>\n<div class=\"descri\">\n<h2>Testes e pesquisas<\/h2>\n<p><!-- _ Todos os meses o psic&oacute;logo Thiago de Almeida disponibiliza um novo teste para o p&uacute;blico. --><\/p>\n<p>_ Escolha um tema, clique no link e realize voc\u00ea tamb\u00e9m os testes.<\/p>\n<p>_Participe da Pesquisa proposta pelo site conhe\u00e7a mais sobre o seu poder de sedu\u00e7\u00e3o<\/p>\n<\/div>\n<\/div>\n<h2>2009<\/h2>\n<table style=\"width: 100%; float: left;\">\n<thead>\n<tr>\n<th scope=\"col\">Testes<\/th>\n<th scope=\"col\">Pesquisas<\/th>\n<\/tr>\n<\/thead>\n<tbody>\n<tr>\n<td style=\"border: 1px solid #000000; width: 50%;\">\n<ul>\n<li>Dezembro: <a href=\"\/site\/testes\/voce-deveria-fazer-psicoterapia\/\">Voc\u00ea deveria fazer psicoterapia?<\/a><\/li>\n<li>Novembro: <a href=\"\/site\/testes\/parceiro\/inicio\">Princ\u00edpios que regem a sele\u00e7\u00e3o de parceiros amorosos<\/a><\/li>\n<li>Outubro: <a href=\"\/site\/testes\/como-anda-tua-autoestima\/\">Como anda tua autoestima?<\/a><\/li>\n<li>Setembro: <a href=\"\/site\/testes\/medo-de-compromisso-como-identificar-parcerias-que-nao-querem-saber-de-se-envolver\/\">Sua paquera tem medo compromissos?<\/a><\/li>\n<li>Agosto: <a href=\"\/site\/testes\/esta-na-hora-de-ficar-ou-de-saltar-fora\/\">Est\u00e1 na hora de ficar ou de saltar fora?<\/a><\/li>\n<li>Julho: <a href=\"\/site\/testes\/patologico\/inicio\">Teu relacionamento amoroso rima com dor?<\/a><\/li>\n<li>Junho: <a href=\"\/site\/testes\/conflito\/inicio\">Em relacionamentos \u00edntimos voc\u00ea \u00e9 uma pessoa briguenta?<\/a><\/li>\n<li>Maio: <a href=\"\/site\/testes\/timidez\/inicio\">Voc\u00ea \u00e9 uma pessoa t\u00edmida?<\/a><\/li>\n<li>Abril: <a href=\"\/site\/testes\/ciume\/inicio\">Voc\u00ea \u00e9 uma pessoa ciumenta?<\/a><\/li>\n<li>Mar\u00e7o: <a href=\"\/site\/testes\/paquera\/inicio\">Voc\u00ea \u00e9 bom no xaveco?<\/a><\/li>\n<li>Fevereiro: <a href=\"\/site\/testes\/tenho-tendencia-a-sofrer-por-amor\/\">Tenho tend\u00eancia a sofrer por amor?<\/a><\/li>\n<li>Janeiro: <a href=\"http:\/\/www.thiagodealmeida.com.br\/site\/testes\/voce-esta-preparado-a-para-fazer-swing\/\">Voc\u00ea est\u00e1 preparado (a) para fazer swing?<\/a><\/li>\n<\/ul>\n<\/td>\n<td style=\"border: 1px solid #000000; width: 50%;\">\n<ul>\n<li><a href=\"\/site\/pesquisas\/seducao\/inicio\">Participe desta pesquisa e conhe\u00e7a o poder de sua\u00a0sedu\u00e7\u00e3o<\/a>.<\/li>\n<\/ul>\n<\/td>\n<\/tr>\n<\/tbody>\n<\/table>\n<h2>2010<\/h2>\n<table style=\"width: 100%; float: left;\">\n<thead>\n<tr>\n<th scope=\"col\">Testes<\/th>\n<th scope=\"col\">Pesquisas<\/th>\n<\/tr>\n<\/thead>\n<tbody>\n<tr>\n<td style=\"border: 1px solid #000000; width: 50%;\">\n<ul>\n<li>Dezembro: <a href=\"\/site\/testes\/seu-relacionamento-apresenta-sinais-de-falencia\/\">Seu relacionamento apresenta sinais de fal\u00eancia?<\/a><\/li>\n<li>Novembro: <a href=\"http:\/\/www.thiagodealmeida.com.br\/site\/testes\/quanto-voce-conhece-aspectos-da-sua-vida-sexual-e-doa-teutua-parceiroa\">Quanto voc\u00ea conhece aspectos da sua vida sexual e do(a) teu(tua) parceiro(a)?<\/a><\/li>\n<li>Outubro: <a href=\"\/site\/qual-e-o-seu-valor-de-cotacao-como-parceiroa\/\">Qual \u00e9 o seu &#8220;valor de cota\u00e7\u00e3o&#8221; como parceiro(a)?<\/a><\/li>\n<li>Setembro: <a href=\"\/site\/testes\/voce-e-uma-pessoa-dependente-amorosamente-ou-sexualmente-dos-seus-parceiros\/\">Voc\u00ea \u00e9 uma pessoa dependente amorosamente ou sexualmente dos seus parceiros?<\/a><\/li>\n<li>Agosto: <a href=\"\/site\/testes\/pronto-para-amar-novamente\/\">Pronto para amar novamente?<\/a><\/li>\n<li>Julho: <a href=\"\/site\/testes\/voce-deixa-claro-o-que-voce-quer-no-seu-relacionamento\">Voc\u00ea deixa claro o que voc\u00ea quer no seu relacionamento?<\/a><\/li>\n<li>Junho: <a href=\"\/site\/testes\/porque-eu-nao-encontro-um-namorado\">Porque eu n\u00e3o encontro um namorado?<\/a><\/li>\n<li>Maio: <a href=\"\/site\/testes\/voce-e-um-parceiro-fiel\/\">Voc\u00ea \u00e9 um parceiro fiel?<\/a><\/li>\n<li>Abril: <a href=\"\/site\/testes\/viciado-em-internet\/\">Viciado em internet?<\/a><\/li>\n<li>Mar\u00e7o: <a href=\"\/site\/testes\/meu-comportamento-sexual-e-compulsivo\/\">Meu comportamento sexual \u00e9 compulsivo?<\/a><\/li>\n<li>Fevereiro: <a href=\"\/site\/testes\/voce-tem-problemas-de-orgasmo-com-o-seu-parceiro\/\">Voc\u00ea tem problemas de orgasmo com seu parceiro?<\/a><\/li>\n<li>Janeiro: <a href=\"\/site\/testes\/voce-e-uma-pessoa-boazinha-demais-nos-seus-relacionamentos-amorosos\/\">Voc\u00ea \u00e9 uma pessoa &#8216;boazinha demais&#8217; nos seus relacionamentos amorosos?<\/a><\/li>\n<\/ul>\n<\/td>\n<td style=\"border: 1px solid #000000; width: 50%;\">\n<ul>\n<li><a href=\"http:\/\/www.thiagodealmeida.com.br\/site\/pesquisa-o-que-voce-pensa-sobre-o-amor-entre-duas-pessoas\">O que voc\u00ea pensa sobre o amor entre duas pessoas?<\/a><\/li>\n<\/ul>\n<\/td>\n<\/tr>\n<\/tbody>\n<\/table>\n<h2>2011<\/h2>\n<p>&nbsp;<\/p>\n<table style=\"width: 100%; float: left;\">\n<thead>\n<tr>\n<th scope=\"col\">Testes<\/th>\n<p><!--\n\n\n<th scope=\"col\">Pesquisas<\/th>\n\n\n--><\/tr>\n<\/thead>\n<tbody>\n<tr>\n<td style=\"border: 1px solid #000000; width: 50%;\">\n<ul>\n<li>Dezembro: <a href=\"\/site\/testes\/sera-que-estou-indo-rapido-a-demais-como-aponta-meu-minha-paquera\/\">Ser\u00e1 que estou indo r\u00e1pido (a) demais como aponta meu (minha) paquera?<\/a><\/li>\n<li>Novembro: <a href=\"\/site\/testes\/sera-que-eu-consigo-me-relacionar-com-alguem-do-meu-trabalho\/\">Ser\u00e1 que eu consigo me relacionar com algu\u00e9m do meu trabalho?<\/a><\/li>\n<li>Outubro: <a href=\"\/site\/testes\/o-a-ex-parceiro-a-ameaca-o-teu-atual-relacionamento\/\">O(a) ex- parceiro(a) amea\u00e7a o teu atual relacionamento<\/a><\/li>\n<li>Setembro: <a href=\"\/site\/testes\/voce-e-uma-pessoa-empatica\/\">Voc\u00ea \u00e9 uma pessoa emp\u00e1tica?<\/a><\/li>\n<li>Agosto: <a href=\"\/site\/testes\/como-saber-se-alguem-esta-realmente-a-fim-de-voce\/\">Como saber se algu\u00e9m est\u00e1 realmente a fim de voc\u00ea?<\/a><\/li>\n<li>Julho: <a href=\"\/site\/testes\/voce-e-uma-pessoa-grudenta-em-seus-relacionamentos\/\">Voc\u00ea \u00e9 uma pessoa grudenta em seus relacionamentos?<\/a><\/li>\n<li>Junho: <a href=\"\/site\/testes\/qual-e-a-impressao-que-voce-costuma-deixar-em-um-primeiro-encontro-romantico\/\">Qual \u00e9 a impress\u00e3o que voc\u00ea costuma deixar em um primeiro encontro rom\u00e2ntico?<\/a><\/li>\n<li>Maio: <a href=\"\/site\/testes\/quando-voce-suspeita-que-alguem-esteja-te-traindo-quais-sao-os-principais-sinais-que-voce-repara\/\">Quando voc\u00ea suspeita que algu\u00e9m esteja te traindo quais s\u00e3o os principais sinais que voc\u00ea repara?<\/a><\/li>\n<li>Abril: <a href=\"\/site\/testes\/seu-posicionamento-quanto-a-questao-do-relacionamento-a-distancia\/\">Seu posicionamento quanto a quest\u00e3o do relacionamento \u00e0 dist\u00e2ncia.<\/a><\/li>\n<li>Mar\u00e7o: <a href=\"\/site\/testes\/voce-sofre-com-ejaculacao-precoce\/\">Voc\u00ea sofre com ejacula\u00e7\u00e3o precoce?<\/a><\/li>\n<li>Fevereiro: <a href=\"\/site\/testes\/seu-visual-e-sedutor\/\">Seu visual \u00e9 sedutor?<\/a><\/li>\n<li>Janeiro: <a href=\"\/site\/testes\/em-que-fase-do-final-do-relacionamento-amoroso-voce-esta\/\"> Em que fase do final do relacionamento amoroso voc\u00ea est\u00e1?<\/a><\/li>\n<\/ul>\n<\/td>\n<\/tr>\n<\/tbody>\n<\/table>\n<h2>2012<\/h2>\n<p>&nbsp;<\/p>\n<table style=\"width: 100%; float: left;\">\n<thead>\n<tr>\n<th scope=\"col\">Testes<\/th>\n<p><!--\n\n\n<th scope=\"col\">Pesquisas<\/th>\n\n\n--><\/tr>\n<\/thead>\n<tbody>\n<tr>\n<td style=\"border: 1px solid #000000; width: 50%;\">\n<ul>\n<li>Dezembro: <a href=\"\/site\/testes\/voce-entende-bem-os-homens\/\">Voc\u00ea entende bem os homens?<\/a><\/li>\n<li>Novembro: <a href=\"\/site\/testes\/apaixonei-me-pela-pessoa-errada\/\">Apaixonei-me pela pessoa errada?<\/a><\/li>\n<li>Outubro: <a href=\"\/site\/testes\/nosso-amor-virou-amizade\/\">Nosso amor virou amizade?<\/a><\/li>\n<li>Setembro: <a href=\"\/site\/testes\/a-pornografia-atrapalha-meus-relacionamentos-amorosos\/\">A pornografia atrapalha meus relacionamentos amorosos?<\/a><\/li>\n<li>Agosto: <a href=\"\/site\/testes\/ele-a-merece-uma-segunda-chance\/\">Ele (a) merece uma segunda chance?<\/a><\/li>\n<li>Julho: <a href=\"\/site\/testes\/a-questao-da-infertilidade-atrapalharia-nosso-relacionamento-amoroso\/\"> A quest\u00e3o da infertilidade atrapalharia nosso relacionamento amoroso?<\/a><\/li>\n<li>Junho: <a href=\"\/site\/testes\/voce-acaba-com-a-individualidade-de-seu-parceiro\/\">Voc\u00ea acaba com a individualidade de seu parceiro?<\/a><\/li>\n<li>Maio: <a href=\"\/site\/testes\/voce-se-apaixona-rapido-demais\/\">Voc\u00ea se<br \/>\napaixona r\u00e1pido demais?<\/a><\/li>\n<li>Abril: <a href=\"\/site\/testes\/a-timidez-atrapalha-seus-relacionamentos-amorosos\/\">A timidez atrapalha seus relacionamentos amorosos?<\/a><\/li>\n<li>Mar\u00e7o: <a href=\"\/site\/testes\/quero-sempre-ter-razao-em-nossas-discussoes\/\">Quero sempre ter raz\u00e3o em nossas discuss\u00f5es?<\/a><\/li>\n<li>Fevereiro: <a href=\"\/site\/testes\/voce-afasta-ele-a-de-voce\/\">Voc\u00ea afasta ele (a) de voc\u00ea?<\/a><\/li>\n<li>Janeiro: <a href=\"\/site\/testes\/voce-nasceu-pra-ser-solteiro-a\/\">Voc\u00ea nasceu pra ser solteiro (a)?<\/a><\/li>\n<\/ul>\n<\/td>\n<\/tr>\n<\/tbody>\n<\/table>\n<h2>2013<\/h2>\n<p>&nbsp;<\/p>\n<table style=\"width: 100%; float: left;\">\n<thead>\n<tr>\n<th scope=\"col\">Testes<\/th>\n<p><!--\n\n\n<th scope=\"col\">Pesquisas<\/th>\n\n\n--><\/tr>\n<\/thead>\n<tbody>\n<tr>\n<td style=\"border: 1px solid #000000; width: 50%;\">\n<ul>\n<li>Dezembro: <a href=\"\/site\/testes\/voltar-com-minha-meu-ex-e-uma-boa-opcao\/\">Voltar com minha (meu) ex \u00e9 uma boa op\u00e7\u00e3o?<\/a><\/li>\n<li>Novembro: <a href=\"\/site\/testes\/nossas-drs-sao-prejudicais-para-a-nossa-relacao\/\">Nossas \u2018DR\u2019s s\u00e3o prejudicais para a nossa rela\u00e7\u00e3o?<\/a><\/li>\n<li>Outubro: <a href=\"\/site\/testes\/voce-leva-uma-vida-solitaria\/\">Voc\u00ea leva uma vida solit\u00e1ria?<\/a><\/li>\n<li>Setembro: <a href=\"\/site\/testes\/a-quantas-anda-seu-relacionamento-amoroso\/\">A quantas anda seu relacionamento amoroso?<\/a><\/li>\n<li>Agosto: <a href=\"\/site\/testes\/filhos-de-outros-casamentos-sao-problema-para-nosso-relacionamento\/\">Filhos de outros casamentos s\u00e3o problema para nosso relacionamento?<\/a><\/li>\n<li>Julho: <a href=\"\/site\/testes\/teste-sua-ilusao-de-controle\/\">Teste sua Ilus\u00e3o de controle<\/a><\/li>\n<li>Junho: <a href=\"\/site\/testes\/voce-e-um-a-bomboa-paquerador-a\/\">Voc\u00ea \u00e9 um (a) bom\/boa paquerador (a)?<\/a><\/li>\n<li>Maio: <a href=\"\/site\/testes\/voce-esta-na-friendzone\/\">Voc\u00ea est\u00e1 na friendzone?<\/a><\/li>\n<li>Abril: <a href=\"\/site\/testes\/sera-que-ele-a-mente-para-voce\/\">Ser\u00e1 que ele (a) mente para voc\u00ea?<\/a><\/li>\n<li>Mar\u00e7o: <a href=\"\/site\/testes\/ja-e-hora-de-apresentar-ele-a-para-a-minha-familia\/\">J\u00e1 \u00e9 hora de apresentar ele (a) para a minha fam\u00edlia?<\/a><\/li>\n<li>Fevereiro: <a href=\"\/site\/testes\/voce-esta-pronto-a-para-se-casar\/\">Voc\u00ea est\u00e1 pronto (a) para se casar?<\/a><\/li>\n<li>Janeiro: <a href=\"\/site\/testes\/tenho-transtorno-do-orgasmo-feminino\/\">Tenho transtorno do orgasmo feminino?<\/a><\/li>\n<\/ul>\n<\/td>\n<\/tr>\n<\/tbody>\n<\/table>\n<h2>2014<\/h2>\n<p>&nbsp;<\/p>\n<table style=\"width: 100%; float: left;\">\n<thead>\n<tr>\n<th scope=\"col\">Testes<\/th>\n<p><!--\n\n\n<th scope=\"col\">Pesquisas<\/th>\n\n\n--><\/tr>\n<\/thead>\n<tbody>\n<tr>\n<td style=\"border: 1px solid #000000; width: 50%;\">\n<ul>\n<li>Dezembro: <a href=\"\/site\/testes\/tenho-transtorno-do-orgasmo-feminino\/\">Tenho transtorno do orgasmo feminino?<\/a><\/li>\n<li>Novembro: <a href=\"\/site\/testes\/tenho-dificuldades-em-romper-meu-relacionamento\/\">Tenho dificuldades em romper meu relacionamento?<\/a><\/li>\n<li>Outubro: <a href=\"\/site\/testes\/sou-um-ciumento-patologico\/\">Sou um ciumento patol\u00f3gico?<\/a><\/li>\n<li>Setembro: <a href=\"\/site\/testes\/voce-e-uma-pessoa-que-pratica-chantagem-emocional-em-seu-relacionamento-amoroso\/\">Voc\u00ea \u00e9 uma pessoa que pratica chantagem emocional em seu relacionamento amoroso?<\/a><\/li>\n<li>Agosto: <a href=\"\/site\/testes\/meu-parceiro-esta-fugindo-do-casamento\/\">Meu parceiro est\u00e1 fugindo do casamento?<\/a><\/li>\n<li>Julho: <a href=\"\/site\/testes\/a-vida-financeira-atrapalha-meu-relacionamento\/\">A vida financeira atrapalha meu relacionamento?<\/a><\/li>\n<li>Junho: <a href=\"\/site\/testes\/voce-e-uma-pessoa-machista\/\">Voc\u00ea \u00e9 uma pessoa machista?<\/a><\/li>\n<li>Maio: <a href=\"\/site\/testes\/voce-tem-ciume-de-seu-sua-ex-parceira-o\/\">Voc\u00ea tem ci\u00fame de seu(sua) ex parceira(o)?<\/a><\/li>\n<li>Abril: <a href=\"\/site\/testes\/sera-que-elea-esta-a-fim-de-mim\/\">Ser\u00e1 que ele(a) est\u00e1 a fim de mim? Usando a linguagem corporal a seu favor.<\/a><\/li>\n<li>Mar\u00e7o: <a href=\"\/site\/testes\/o-poliamor-e-uma-opcao-para-voce\/\">O poliamor \u00e9 uma op\u00e7\u00e3o para voc\u00ea?<\/a><\/li>\n<li>Fevereiro: <a href=\"\/site\/testes\/voce-tem-usado-a-estrategia-do-bem-em-seus-relacionamentos\/\">Voc\u00ea tem usado a \u201cestrat\u00e9gia do bem\u201d em seus relacionamentos?<\/a><\/li>\n<li>Janeiro: <a href=\"\/site\/testes\/o-termino-de-seu-relacionamento-esta-te-prejudicando\/\"> O t\u00e9rmino de seu relacionamento est\u00e1 te prejudicando?<\/a><\/li>\n<\/ul>\n<\/td>\n<\/tr>\n<\/tbody>\n<\/table>\n<h2>2015<\/h2>\n<p>&nbsp;<\/p>\n<table style=\"width: 100%; float: left;\">\n<thead>\n<tr>\n<th scope=\"col\">Testes<\/th>\n<p><!--\n\n\n<th scope=\"col\">Pesquisas<\/th>\n\n\n--><\/tr>\n<\/thead>\n<tbody>\n<tr>\n<td style=\"border: 1px solid #000000; width: 50%;\">\n<ul>\n<li>Dezembro: <a href=\"\/site\/testes\/tenho-dedo-podre-para-me-envolver-em-relacionamentos-amorosos\/\">Tenho \u2018dedo podre\u2019 para me envolver em relacionamentos amorosos?<\/a><\/li>\n<li>Novembro: <a href=\"\/site\/testes\/sera-que-elea-esta-a-fim-de-mim\/\">Ser\u00e1 que ele (a) est\u00e1 a fim de mim?<\/a><\/li>\n<li>Outubro: <a href=\"\/site\/testes\/minhas-redes-sociais-podem-causar-ciume-em-meu-parceiro\/\">Minhas redes sociais podem causar ci\u00fame em meu parceiro?<\/a><\/li>\n<li>Setembro: <a href=\"\/site\/testes\/voce-e-uma-pessoa-misogina\/\">Voc\u00ea \u00e9 uma pessoa mis\u00f3gina?<\/a><\/li>\n<li>Agosto: <a href=\"\/site\/testes\/voce-sabe-demonstrar-seus-sentimentos\/\">Voc\u00ea sabe demonstrar seus sentimentos?<\/a><\/li>\n<li>Julho: <a href=\"\/site\/testes\/voce-e-viciado-em-pornografia\/\">Voc\u00ea \u00e9 viciado em pornografia?<\/a><\/li>\n<li>Junho: <a href=\"\/site\/testes\/voce-conhece-o-a-seu-sua-parceiro-a\/\">Voc\u00ea conhece o seu(sua) parceiro(a)?<\/a><\/li>\n<li>Maio: <a href=\"\/site\/testes\/sou-compulsivo-por-seduzir-pessoas\/\">Sou compulsivo por seduzir pessoas?<\/a><\/li>\n<li>Abril: <a href=\"\/site\/testes\/seu-sua-parceiro-a-te-da-atencao\/\">Seu (sua) parceiro (a) te d\u00e1 aten\u00e7\u00e3o?<\/a><\/li>\n<li>Mar\u00e7o: <a href=\"\/site\/testes\/amizade-com-beneficios-e-uma-opcao-para-voce\/\">Amizade com benef\u00edcios \u00e9 uma op\u00e7\u00e3o para voc\u00ea?<\/a><\/li>\n<li>Fevereiro: <a href=\"\/site\/testes\/voce-e-incapaz-de-viver-so\/\">Voc\u00ea \u00e9 incapaz de viver s\u00f3?<\/a><\/li>\n<li>Janeiro: <a href=\"\/site\/testes\/a-internet-vem-atrapalhando-minha-relacao\/\"> A internet vem atrapalhando minha rela\u00e7\u00e3o?<\/a><\/li>\n<\/ul>\n<\/td>\n<\/tr>\n<\/tbody>\n<\/table>\n<h2>2016<\/h2>\n<p>&nbsp;<\/p>\n<table style=\"width: 100%; float: left;\">\n<thead>\n<tr>\n<th scope=\"col\">Testes<\/th>\n<p><!--\n\n\n<th scope=\"col\">Pesquisas<\/th>\n\n\n--><\/tr>\n<\/thead>\n<tbody>\n<tr>\n<td style=\"border: 1px solid #000000; width: 50%;\">\n<ul>\n<li>Maio: <a href=\"\/site\/testes\/relacionamentos-doentios-voce-ja-viveu-um\/\">Relacionamentos doentios: voc\u00ea j\u00e1 viveu um?<\/a><\/li>\n<li>Abril: <a href=\"\/site\/testes\/voce-sabe-perdoar-os-erros-do-a-seu-sua-parceiro-a\/\">Voc\u00ea sabe perdoar os erros do (a) seu (sua) parceiro (a)?<\/a><\/li>\n<li>Mar\u00e7o: <a href=\"\/site\/testes\/voce-aceita-o-ritmo-de-vida-de-seu-sua-parceiro-a\/\">Voc\u00ea aceita o ritmo de vida de seu (sua) parceiro (a)?<\/a><\/li>\n<li>Fevereiro: <a href=\"\/site\/testes\/voce-e-imaturo-a-nos-relacionamentos-amorosos\/\">Voc\u00ea \u00e9 imaturo (a) nos relacionamentos amorosos?<\/a><\/li>\n<li>Janeiro: <a href=\"\/site\/testes\/produtos-de-sexy-shop-farao-bem-a-sua-relacao\/\"> Produtos de sexy shop far\u00e3o bem a sua rela\u00e7\u00e3o?<\/a><\/li>\n<\/ul>\n<\/td>\n<\/tr>\n<\/tbody>\n<\/table>\n","protected":false},"excerpt":{"rendered":"<p>Testes e pesquisas _ Escolha um tema, clique no link e realize voc\u00ea tamb\u00e9m os testes. _Participe da Pesquisa proposta pelo site conhe\u00e7a mais sobre o seu poder de sedu\u00e7\u00e3o 2009 Testes Pesquisas Dezembro: Voc\u00ea deveria fazer psicoterapia? Novembro: Princ\u00edpios que regem a sele\u00e7\u00e3o de parceiros amorosos Outubro: Como anda tua autoestima? Setembro: Sua paquera [&hellip;]<\/p>\n","protected":false},"author":1,"featured_media":0,"parent":0,"menu_order":0,"comment_status":"closed","ping_status":"closed","template":"Testes.php","meta":{"footnotes":""},"class_list":["post-406","page","type-page","status-publish","hentry"],"_links":{"self":[{"href":"https:\/\/www.thiagodealmeida.com.br\/site\/wp-json\/wp\/v2\/pages\/406","targetHints":{"allow":["GET"]}}],"collection":[{"href":"https:\/\/www.thiagodealmeida.com.br\/site\/wp-json\/wp\/v2\/pages"}],"about":[{"href":"https:\/\/www.thiagodealmeida.com.br\/site\/wp-json\/wp\/v2\/types\/page"}],"author":[{"embeddable":true,"href":"https:\/\/www.thiagodealmeida.com.br\/site\/wp-json\/wp\/v2\/users\/1"}],"replies":[{"embeddable":true,"href":"https:\/\/www.thiagodealmeida.com.br\/site\/wp-json\/wp\/v2\/comments?post=406"}],"version-history":[{"count":33,"href":"https:\/\/www.thiagodealmeida.com.br\/site\/wp-json\/wp\/v2\/pages\/406\/revisions"}],"predecessor-version":[{"id":1126,"href":"https:\/\/www.thiagodealmeida.com.br\/site\/wp-json\/wp\/v2\/pages\/406\/revisions\/1126"}],"wp:attachment":[{"href":"https:\/\/www.thiagodealmeida.com.br\/site\/wp-json\/wp\/v2\/media?parent=406"}],"curies":[{"name":"wp","href":"https:\/\/api.w.org\/{rel}","templated":true}]}}